0709 is divided by 2945176.
5
What is the remainder when 656601 is divided by 2353?
114
Calculate the remainder when 6779973 is divided by 50222.
3
What is the remainder when 72343580 is divided by 8?
4
Calculate the remainder when 32432905 is divided by 757.
754
Calculate the remainder when 412819 is divided by 3021.
1963
Calculate the remainder when 341941 is divided by 3053.
5
Calculate the remainder when 200237799 is divided by 2537.
0
Calculate the remainder when 23092454 is divided by 4618490.
4
Calculate the remainder when 7414714 is divided by 238.
62
Calculate the remainder when 1814178 is divided by 2599.
76
What is the remainder when 4716901 is divided by 1051?
13
Calculate the remainder when 36118807 is divided by 137.
127
What is the remainder when 31145 is divided by 15515?
115
What is the remainder when 34350497 is divided by 50?
47
Calculate the remainder when 27148468 is divided by 9049346.
430
What is the remainder when 7187019 is divided by 240?
219
Calculate the remainder when 437332 is divided by 10170.
22
What is the remainder when 7085175 is divided by 1611?
1608
What is the remainder when 42296 is divided by 1143?
5
What is the remainder when 1557283 is divided by 595?
168
What is the remainder when 2538 is divided by 1639?
899
What is the remainder when 51927862 is divided by 51927852?
10
Calculate the remainder when 5622199 is divided by 19727.
4
What is the remainder when 47624012 is divided by 15874661?
29
What is the remainder when 965159 is divided by 96400?
1159
Calculate the remainder when 424876 is divided by 84970.
26
What is the remainder when 2055797891 is divided by 164?
163
What is the remainder when 17056283 is divided by 313?
287
Calculate the remainder when 18991 is divided by 862.
27
Calculate the remainder when 2281306 is divided by 1023.
16
Calculate the remainder when 25836643 is divided by 22.
19
What is the remainder when 4987889 is divided by 492?
485
What is the remainder when 246649 is divided by 82144?
217
What is the remainder when 2999429 is divided by 2767?
1
Calculate the remainder when 967399919 is divided by 205.
204
What is the remainder when 1235289 is divided by 68627?
3
Calculate the remainder when 162132 is divided by 1062.
708
Calculate the remainder when 32343245 is divided by 724.
717
Calculate the remainder when 76266159 is divided by 14.
11
Calculate the remainder when 4733391 is divided by 41.
23
Calculate the remainder when 1720634 is divided by 9141.
2126
Calculate the remainder when 57212 is divided by 14300.
12
Calculate the remainder when 1821776 is divided by 679.
19
What is the remainder when 1978544 is divided by 659486?
86
Calculate the remainder when 5400526 is divided by 900073.
88
Calculate the remainder when 6711 is divided by 1044.
447
Calculate the remainder when 1265317 is divided by 6798.
889
Calculate the remainder when 220195 is divided by 2590.
45
What is the remainder when 120315 is divided by 1993?
735
What is the remainder when 23993660 is divided by 50?
10
What is the remainder when 978317 is divided by 978281?
36
What is the remainder when 205564137 is divided by 2061?
2058
Calculate the remainder when 2356800 is divided by 1473.
0
What is the remainder when 790440 is divided by 146?
142
What is the remainder when 33320270 is divided by 793?
789
What is the remainder when 75656294 is divided by 1287?
1286
What is the remainder when 16634319 is divided by 31?
29
What is the remainder when 630495 is divided by 1224?
135
What is the remainder when 4175400 is divided by 198?
174
Calculate the remainder when 534052 is divided by 375.
52
What is the remainder when 12292853 is divided by 101?
42
Calculate the remainder when 5416948 is divided by 1455.
1438
Calculate the remainder when 5899019 is divided by 117.
113
What is the remainder when 4118 is divided by 4039?
79
Calculate the remainder when 319477 is divided by 271.
239
What is the remainder when 391776 is divided by 244?
156
Calculate the remainder when 398445 is divided by 147.
75
What is the remainder when 63927944 is divided by 857?
29
Calculate the remainder when 1031859148 is divided by 14.
12
Calculate the remainder when 590820 is divided by 14044.
972
What is the remainder when 62559 is divided by 19606?
3741
Calculate the remainder when 9006977 is divided by 57.
8
Calculate the remainder when 1589150 is divided by 794565.
20
What is the remainder when 415183 is divided by 27060?
9283
What is the remainder when 307473 is divided by 1230?
1203
Calculate the remainder when 249699 is divided by 82820.
1239
Calculate the remainder when 1685879 is divided by 6666.
6047
What is the remainder when 1223636 is divided by 11653?
71
Calculate the remainder when 340103 is divided by 45.
38
Calculate the remainder when 16209 is divided by 332.
273
Calculate the remainder when 1133974 is divided by 31491.
298
Calculate the remainder when 3504079 is divided by 1168005.
64
Calculate the remainder when 6583742 is divided by 243842.
8
What is the remainder when 14418821 is divided by 9?
2
Calculate the remainder when 32446605 is divided by 8111637.
57
What is the remainder when 23961373 is divided by 12?
1
Calculate the remainder when 116017 is divided by 2918.
2215
What is the remainder when 15613909 is divided by 845?
844
What is the remainder when 254286 is divided by 27192?
9558
What is the remainder when 27496643 is divided by 32?
3
Calculate the remainder when 452963 is divided by 315.
308
What is the remainder when 58710 is divided by 4276?
3122
What is the remainder when 59444 is divided by 2358?
494
Calculate the remainder when 307012 is divided by 768.
580
Calculate the remainder when 22572 is divided by 2753.
548
Calculate the remainder when 78306731 is divided by 177.
161
Calculate the remainder when 2113192 is divided by 19749.
49
Calculate the remainder when 465577 is divided by 129.
16
What is the remainder when 625684 is divided by 125100?
184
What is the remainder when 5211349 is divided by 94?
83
What is the remainder when 828634 is divided by 59?
38
Calculate the remainder when 100579 is divided by 831.
28
Calculate the remainder when 201896777 is divided by 9.
2
Calculate the remainder when 854659 is divided by 254.
203
Calculate the remainder when 3270566 is divided by 108.
2
What is the remainder when 137977 is divided by 137813?
164
What is the remainder when 280225 is divided by 7359?
583
What is the remainder when 63298 is divided by 2042?
2038
What is the remainder when 8637307 is divided by 6268?
3
Calculate the remainder when 3176171 is divided by 1588028.
115
Calculate the remainder when 5558637 is divided by 163.
11
Calculate the remainder when 298823 is divided by 6949.
16
What is the remainder when 442240 is divided by 442221?
19
What is the remainder when 1188331 is divided by 1188296?
35
Calculate the remainder when 416051 is divided by 142.
133
What is the remainder when 276467 is divided by 1655?
82
Calculate the remainder when 12322943 is divided by 473959.
9
Calculate the remainder when 757913 is divided by 484.
453
Calculate the remainder when 1089248 is divided by 147.
125
Calculate the remainder when 1839333935 is divided by 407.
406
What is the remainder when 9270441 is divided by 4210?
21
What is the remainder when 192874 is divided by 10?
4
What is the remainder when 274580 is divided by 4272?
1172
What is the remainder when 1633570 is divided by 1067?
1060
Calculate the remainder when 9641745 is divided by 4820867.
11
Calculate the remainder when 593308 is divided by 21974.
10
What is the remainder when 1824966 is divided by 7581?
5526
What is the remainder when 40415 is divided by 2545?
2240
What is the remainder when 1036361 is divided by 15944?
1
What is the remainder when 2011013 is divided by 3071?
2579
What is the remainder when 26916 is divided by 1167?
75
Calculate the remainder when 49533 is divided by 56.
29
Calculate the remainder when 156265884 is divided by 69.
66
What is the remainder when 10528619 is divided by 52?
23
What is the remainder when 78859411 is divided by 3076?
3075
What is the remainder when 46792 is divided by 23387?
18
What is the remainder when 793904 is divided by 1913?
9
Calculate the remainder when 282958 is divided by 4551.
796
